-41 - -49. Let y(s) = -s**3 + 9*s**2 - 5*s - 8. Give y(z).
16
Let b(s) = s**2 + 2*s - 1. Suppose -3*d - 2*d - 100 = 0. Let j be (-17)/5 + (-8)/d. Determine b(j).
2
Suppose 2 = -t + 5. Suppose t*w + 6 = 5*w. Let m(s) = w*s + 0*s - 3 - 6 - 2*s. Calculate m(0).
-9
Let o(u) be the third derivative of -u**5/120 + 5*u**4/24 - u**3/3 + 3*u**2. Let x(k) be the first derivative of o(k). What is x(5)?
0
Let m(h) = -5*h**2 - 2*h - 2. Let a(t) = 3*t**2 + t + 1. Let j be -15*(8/(-12))/(-2). Let r(g) = j*m(g) - 8*a(g). Calculate r(-4).
10
Let z(g) be the first derivative of -7*g**3/3 - g**2/2 - 6. What is z(1)?
-8
Let t(y) = y**2 - 4*y + 1. Suppose -3 = 5*c + 7. Let v be -2*((-1)/c - -1). Let s be 3/(v/(-6) - -1). Calculate t(s).
-3
Let i = -57 + 63. Let m(j) = j**2 - 6*j + 8. Give m(i).
8
Suppose 4*z = 3 + 29. Let w = z - 8. Let b(f) = -5*f**3 - 7*f**2 + 5*f + 6. Let u(m) = -4*m**3 - 6*m**2 + 4*m + 6. Let x(y) = 5*b(y) - 6*u(y). Determine x(w).
-6
Suppose 4 = -7*u + 32. Let v(l) = 0*l + 0*l - u + 2*l - l. What is v(5)?
1
Let o be (-3)/(-12) + 22/8. Let m(a) = 0 - 3*a + 0 + 2*a. Determine m(o).
-3
Let n = 8 - 5. Let r be (6/15)/(n/(-15)). Let f(u) = u**3 + u**2 + 3*u + 2. Calculate f(r).
-8
Let w(f) = -f - 7. Let l(c) = 2*c + 13. Let z(g) = -3*l(g) - 5*w(g). Determine z(-5).
1
Let t(h) = h + 5. Let x(q) = q + 5. Let b(p) = -6*t(p) + 5*x(p). What is b(-6)?
1
Let g(l) = l**3 + 4*l**2 - l - 2. Suppose -q - 7*u = -2*u - 14, -3*q + 3*u = 30. Let c be (-1 - (-2)/q)*3. Calculate g(c).
2
Let y(f) = -8*f + 3*f + 7*f. Suppose 9 = -3*m - 6. Calculate y(m).
-10
Let m(l) = -l**2 + l. Let k(z) = z**3 + 10*z**2 + 6*z + 6. Let p(u) = -k(u) - 2*m(u). Let i be p(-7). Let r(t) = -7*t**3 - 2*t + 1. What is r(i)?
-8
Suppose -4*i - 3 = -7. Let n be (i - 7)/(0 + -1). Let g(h) = -h**3 + 5*h**2 + 5*h + 8. Determine g(n).
2
Let k(o) be the second derivative of o**8/6720 - o**7/840 - o**6/120 + o**5/120 + o**4/12 - 3*o. Let y(f) be the third derivative of k(f). Calculate y(4).
-7
Let o(v) = 2*v**2 - 18*v + 1. Let b be o(9). Let c(w) = -1 + 10*w**2 + 7*w**2 + 2*w - 7*w**2. Give c(b).
11
Let o(g) = g**3 - 2*g**2 - 3. Suppose 2*l - l = 1. Suppose 8 = 3*r - l. Give o(r).
6
Suppose 5*u = 3*u. Suppose 4*j - 2*w - 28 = u, 0 = -w - 0*w. Let s(p) = -3*p**3 - j + 8 - 4*p + 2*p**3 + 4*p**2. Give s(3).
-2
Let m(k) = k + 7. Suppose -142 = -q - 152. What is m(q)?
-3
Suppose -5 = a + 6*i - 3*i, 5*a + 2*i + 12 = 0. Let s(x) = -2*x**2 + 4*x + 3. Determine s(a).
-13
Let l(k) = k**2 + 2*k - 4. Let a be l(2). Let z(c) = 3*c**3 + 4*c**2 + 6*c + 5. Let o(j) = -4*j**3 - 4*j**2 - 7*j - 5. Let b(i) = a*o(i) + 5*z(i). What is b(5)?
-10
Let d(h) = -h**3 + 5*h**2 - h + 7. Suppose 12*m + 5 = 13*m. Calculate d(m).
2
Let j(q) = -6*q. Suppose -12*x - 1 = -13*x. What is j(x)?
-6
Let c = 9 - 8. Let l(m) = -10*m**2 + m - 1. What is l(c)?
-10
Let b = -61 - -53. Let m(o) = -o - 9. Calculate m(b).
-1
Let m(l) = -l + 3. Suppose o + 3*a - 8 = 0, -4*o - a - 3*a = -24. Determine m(o).
-2
Let c(p) = p**3 + 5*p**2 + 4*p. Let y be c(-4). Let v(k) be the second derivative of -k**3/6 - k**2/2 + k. Give v(y).
-1
Let a(k) = 2*k - 2*k + k**3 + k - 2 - 2*k**3. What is a(2)?
-8
Let m(c) = c**2 - 3*c - 1. Let o = -21 - -25. Suppose o + 1 = 3*z + h, -3*z - 3*h - 3 = 0. Calculate m(z).
-1
Let j(t) = -t + 3 + 6*t - t**3 - 525*t**2 - t + 530*t**2. Give j(6).
-9
Let q(v) = -v**2 + v - 7. Suppose 3*t + 4*t = 7. Let f be (-1)/(-3) + 4/6. Let u = t - f. Calculate q(u).
-7
Let l(x) = -4*x**2 - 1. Let f = 5 + -5. Suppose f = 5*s - 41 - 4. Suppose s*v - 4*v = -5. What is l(v)?
-5
Let l(o) = -3*o + 82 - 81 - o. Determine l(1).
-3
Let y(l) = -8*l**2 + 5*l - 4. Let r(u) = u - 1. Let c(i) = -4*r(i) + y(i). What is c(-1)?
-9
Suppose 6*r - r + 25 = 0. Let q(p) = -4*p**3 + p**2 + 2*p + 1. Let s be q(-1). Let b(i) = -i**2 + 9 - i - 5 - s*i - 2. Determine b(r).
2
Let a be 15/(-4) + 3 + (-1)/4. Let x(q) = -6*q**2 + 2*q + 1. Give x(a).
-7
Let w(l) be the third derivative of l**5/60 + l**4/24 - 3*l**3/2 - 8*l**2. What is w(0)?
-9
Suppose 2*c - u - 5 = 0, c - 5*u - 21 - 4 = 0. Let h(x) = 4*x + 6. Let v(n) = -9*n - 12. Let k(m) = -7*h(m) - 3*v(m). Calculate k(c).
-6
Let b be 2 + 0 - (2 + 0). Let q = b + 5. Let z(p) = -5*p - 1. Let g(w) = -11*w - 2. Let m(v) = -6*g(v) + 13*z(v). Calculate m(q).
4
Let f(p) be the second derivative of -2*p - 1/3*p**3 + 1/4*p**4 + 0 + 1/20*p**5 + 5/2*p**2. Let v(c) = c - 20. Let a be v(16). What is f(a)?
-3
Let j(d) be the first derivative of -d**2 - 9*d - 15. Determine j(-7).
5
Let d(c) = c**2 - 4*c - 3. Let i be d(5). Let p(r) = 2*r + r**3 + 5*r**i + r - 4*r + 3. Let t be (-93)/18 - (-2)/12. Give p(t).
8
Let f(c) = 2*c**2 + 3*c - 3. Suppose 0 = 2*l - 4 + 10. What is f(l)?
6
Let c(b) = b**3 + 5*b**2 - 8*b - 8. Let n = -26 + 22. Let m(g) = -g**3 - 3*g**2 + 7*g + 6. Let z be m(n). Give c(z).
4
Let w(b) = b + 1. Let h(i) = 4*i + 4. Let j(m) = -6*h(m) + 26*w(m). What is j(-6)?
-10
Let x(t) = 10*t**3 - 3*t**2 + 7*t - 5. Let k(z) = 5*z**3 - z**2 + 3*z - 2. Let g(o) = -5*k(o) + 2*x(o). Give g(-1).
5
Let w(s) = 4*s - 1. Suppose 4*l - 60 = -4*t, l + 2*t + 2*t = 0. Let a = 7 - l. Let c = 11 + a. Give w(c).
-9
Let r(a) = -2*a + 1. Let v(i) = -3*i + 4*i + 0*i + 25. Let x be v(-11). Suppose x + 1 = -3*q. Determine r(q).
11
Let s(q) = -2*q - 1. Let c(j) = 2*j - 16. Let k be c(7). Calculate s(k).
3
Suppose -3 = -t - 1. Let w(g) = t*g + 0*g - 3*g. Let b be (-3)/(21/(-6) + 2). Determine w(b).
-2
Let j(a) be the third derivative of a**4/24 - 13*a**3/6 + 8*a**2. Calculate j(-9).
-22
Suppose 2*j - 4*w - 30 = 0, 4*j + 4*w = 7*j - 35. Suppose 5*b + 1 = b + 5*k, -5*k + 49 = 4*b. Let t(v) = 3 - v - b + 0*v. Calculate t(j).
-8
Let z(t) be the first derivative of t**2 - t - 5. Let v(a) = 4*a**2 + a. Let g be v(1). Determine z(g).
9
Let u(q) = -3*q - 2. Let x(d) = 5*d + 3. Let v(f) = -7*u(f) - 4*x(f). What is v(4)?
6
Let t(i) = -2*i + 8. Let h be t(6). Suppose 8 = -v - 4*m, 0 = -3*v - m - 0*m + 9. Let q(u) = 5*u + v + u**2 - 4*u**2 + 4*u**2. Give q(h).
0
Let y(v) be the first derivative of v**5/10 - v**4/6 + v**3/6 - v + 4. Let j(q) be the first derivative of y(q). Suppose 0*m + 3*m = 3. Calculate j(m).
1
Let o(v) = 7*v**2 + v - 9. Let i(j) = -j**2 + 1. Let q(w) = 6*i(w) + o(w). Let s(f) = -2*f - 3. Let p be s(-4). Suppose -p*r = -r. Determine q(r).
-3
Let y(n) = 5*n**3 - 2*n**2 + 1. Let j(c) be the first derivative of c**2/2 - 14*c - 2. Let u be j(0). Let h be (7/u)/((-2)/4). What is y(h)?
4
Let g(q) be the third derivative of 1/3*q**4 + 0*q - q**2 + 0 + 4/3*q**3 + 1/60*q**5. Suppose 5 = -9*b - 49. What is g(b)?
-4
Suppose 5*m - 45 = 10. Let q be (m - -1)*(-6)/(-4). Suppose -5*o - q + 8 = 0. Let l(p) = -2*p**2 - 3*p - 3. What is l(o)?
-5
Let p(k) = k. Let v(x) = 3*x - 1. Let q(y) = 2*p(y) - v(y). Let u(c) = c - 1. Let l(s) = -6*q(s) - 5*u(s). Let i be (-14)/(-3) - 2/(-6). Give l(i).
4
Let k be (-40)/20*(-2 - 0). Let g(c) = c**2 - 4*c - 3. What is g(k)?
-3
Suppose 2*q - 10 = -3*q. Let a(t) = 2*t + 1. Calculate a(q).
5
Suppose -5*f + 0*w + 22 = -w, 2*f - w = 7. Let t(i) = -3*i**2 - 7*i - 5. Let b(d) = -4*d**2 - 8*d - 6. Let h(z) = f*t(z) - 4*b(z). Calculate h(4).
3
Let z(o) = -o**2 - 4*o + 3. Let n(y) = y**2 + 4*y - 5. Suppose -12 = 2*s - 4. Let t be n(s). What is z(t)?
-2
Let c be 4/10 - 308/(-55). Let y(v) = -v - 1. Determine y(c).
-7
Let t(m) = m**3 + 7*m**2 + 7*m + 1. Suppose 5*y + 2*x = 27, 0 = y - 2*y + 3*x + 2. Let g be (0/7)/(1 + 0). Suppose g = p + 11 - y. Determine t(p).
-5
Let k(z) = -z**3 + 2*z**2 + z - 2. Let q be k(2). Let o(w) be the first derivative of w**3/3 - 6*w - 3. What is o(q)?
-6
Let o(s) be the third derivative of -1/2*s**3 - s**2 - 1/15*s**5 + 0*s + 0*s**4 + 0 + 1/120*s**6. Suppose -12 = -v - 2*v. What is o(v)?
-3
Let p(v) be the first derivative of 2*v**2 - v + 1. Suppose -3 = -2*r - 5. Determine p(r).
-5
Let n(k) = -k**3 + 10*k**2 + 10*k - 5. Let u be n(11). Let t = u + 16. Let c(y) = -y**2 - 4. Give c(t).
-4
Let s(h) = 3*h**3 + 32*h**2 + 21*h - 3. Let q(l) = l**3 + 11*l**2 + 7*l - 1. Let o(b) = 11*q(b) - 4*s(b). Let d be 1*5*(-3 - -2). Calculate o(d).
-14
Let s(b) = -b**3 - 6*b**2 - 2*b - 8. Let y(q) = q**3 + 10*q**2 - 11*q - 6. Let m be y(-11). Calculate s(m).
4
Let i(x) = -x**2 + 3*x - 4. Let r = 26 + -23. Give i(r).
-4
Su